Let m = -39 + q. Suppose -4*f + m = -3. What is the units digit of f?
3
What is the thousands digit of 4*(-370489)/(-56)*(40/(-28))/(-5)?
7
Let z(b) = b + 2. Suppose 2*v + f = -2*f + 8, -3*v + 5 = f. Let y be z(v). Suppose 86 - 671 = -y*n. What is the hundreds digit of n?
1
Let b be -6 + 0 + 3320 + (5 - 9). Suppose 4*f + 2*d + d - b = 0, -3*d = -3*f + 2472. What is the tens digit of f?
2
Suppose 5*p - 2*p = i + 2252, 1500 = 2*p - i. Let u = -9 + p. What is the tens digit of u?
4
Let d = -10481 - -68122. What is the ten thousands digit of d?
5
Suppose -7617*i + 7668*i = 3982794. What is the units digit of i?
4
Suppose q + 132 = j - 2*q, 5*q + 130 = j. Let b = j + -5. What is the hundreds digit of b?
1
Let v(s) = 32*s + 66. Let z be v(-2). Suppose 0 = 7*l - 3*l - 468. Suppose 5*p = -z*k + 72, -2*k - k - 3*p = -l. What is the tens digit of k?
4
Let f(t) = -6*t**3 + 12*t**2 - 13*t + 59. What is the units digit of f(-10)?
9
Let z(n) = 67*n**2 - 20*n - 231. What is the hundreds digit of z(-14)?
1
Let s be (-1)/((-123)/(-737) - 10/55). Let b = 79 - s. What is the tens digit of b?
1
Suppose 52*j = 22*j - 11*j + 256947. What is the hundreds digit of j?
2
What is the units digit of (-1279473)/(-234) + 4/((-24)/5)?
7
Let a be ((-18)/(-4) + 0)/(6/(-8)). Let i(p) = -3*p**3 - 8*p**2 + p - 14. What is the tens digit of i(a)?
4
Let j(q) = 46*q - 3. Let o be j(2). Suppose 5*g - p = -343, 10*g - 5*g - 3*p + 339 = 0. Let d = g + o. What is the tens digit of d?
2
Let w(o) = -467*o + 3982. What is the hundreds digit of w(-108)?
4
Let k be (-1*(187 - 4))/(-1) - 3. Let f(d) = -89*d + 7. Let h be f(-3). Let o = h - k. What is the units digit of o?
4
Suppose 3*g = -2*b + 6*b - 2601, -5*g - b = 4358. Let t = -24 - g. What is the tens digit of t?
4
Suppose 2*a - 1231 + 335 = 0. Suppose -3*i + 5*l - a = -4*i, -i + 2*l = -413. What is the tens digit of i?
2
Let n = 19122 + -9034. What is the thousands digit of n?
0
Suppose 5*i + 2*d - 2715 = 7*d, 0 = 5*i + d - 2697. Suppose -3*l + 3*m = -0*l - i, 723 = 4*l - 3*m. What is the tens digit of l?
8
Suppose 7*y - 43 = -3*t + 12*y, 2*t = y + 31. Suppose -t*p = -18*p + 2406. What is the tens digit of p?
0
Suppose -3*s = -3, 3*q + 30 + 83 = -s. What is the units digit of (q - -36)/((-2)/613)?
3
Suppose -15*m = 47*m - 147994. Suppose 5*j - 8448 = -2*u, -3*j = -3*u - 2686 - m. What is the tens digit of j?
9
Suppose -13*i = -14*i - 4*f + 86, f = -2*i + 200. What is the tens digit of (12274/i)/(2/6) - 2?
5
Let h(p) = 22*p - 70. Let t(u) = -3*u + 64. Let i be t(16). What is the units digit of h(i)?
2
Let v = 745 - 748. What is the tens digit of v/6*(-15 + -3143)?
7
Suppose -15 = -3*c - 3*p, 2 = c - p + 1. Suppose 3*i + 3*r + 492 = 7*i, -5*i + 588 = c*r. What is the units digit of i?
0
Let k(y) = -y + 19. Let f = 42 - 26. Let x be k(f). What is the units digit of (6/8)/(x/(-600)*-2)?
5
Let z be 0 + (-2)/6 - (-5212)/12. Let i = -36 + 41. Suppose -5*r = -5*q + 8*q - z, -2*r = i*q - 698. What is the tens digit of q?
3
Suppose 3*i - 13821 = u, -124*i - 5*u = -120*i - 18447. What is the tens digit of i?
0
Let z be ((-112)/10)/(8/40). Let b(q) = -q**2 - 7*q - 1. Let g be b(-10). Let k = g - z. What is the units digit of k?
5
What is the hundreds digit of 188388880/5868 - (1/(-18) - 1/(-2))?
1
Suppose 1109 = 5*q - 1761. Let w = -79 + q. What is the tens digit of w?
9
Suppose 856758 + 3335650 = 31*b + 40*b. What is the thousands digit of b?
9
What is the thousands digit of -12 - 1079/(-91) - (-23059)/7?
3
Let a = 207 - 407. Let l be (2/4*-2)/(8/a). Suppose l + 731 = 7*z. What is the units digit of z?
8
Suppose -30*i + 47889 = -26211. What is the units digit of i/(-39)*(1 + 5/(-2))?
5
What is the units digit of (-2)/(-9)*2169*8?
6
Let c(h) = 2*h**3 + 14. Let l be c(0). Let d(s) = 44*s - 13. What is the units digit of d(l)?
3
Suppose -4*b + 5*t = -369656, -3679*b = -3680*b - 3*t + 92397. What is the ten thousands digit of b?
9
Let i(v) be the second derivative of v**4/12 - v**3/6 - 121*v**2/2 + 141*v. What is the tens digit of i(-11)?
1
Suppose 7*t = 9*t - 4. What is the units digit of (1 - 1340/8 - t)*-2?
7
Let z = 35 - 43. Let i be 4/z - ((-213)/6 + -3). Suppose 0 = 2*g - 3*d - 141, -g + 0*d + i = 5*d. What is the tens digit of g?
6
Let j(w) = -5*w**2 + 23*w + 14. Let p(r) = 4*r**2 - 21*r - 13. Let l(q) = -3*j(q) - 4*p(q). What is the tens digit of l(7)?
6
Let g(x) = -24 - 21*x - 22*x + 40*x - 9*x. What is the hundreds digit of g(-20)?
2
Let q be 955*(12/(-30))/(-2). Suppose z - 3*o = q, 2*o + 0*o - 820 = -4*z. What is the units digit of z?
3
Suppose -387330 - 311983 = -471*b - 53101. What is the tens digit of b?
7
Suppose y - 4*h + h = 11, y - 5*h - 17 = 0. Suppose -y*q - 3*q - 300 = 0. Let s = 5 - q. What is the units digit of s?
5
Let b(c) = 9*c + 3. Let p be 140/42*(-3)/(-2). Suppose -1 - p = 5*d - 4*h, 20 = 2*d + 4*h. What is the units digit of b(d)?
1
Suppose -b + 94 = -542. Let u = b + -426. What is the units digit of u?
0
Let l(x) = -183*x - 4080. What is the hundreds digit of l(-26)?
6
What is the units digit of ((-2024)/(-3))/((-24)/972*15/(-5))?
8
Let y(r) = 5*r**2 + 46*r + 40. Let m be y(-15). Let n(b) = -22*b - 7. Let p be n(-5). Suppose p = -4*s + m. What is the units digit of s?
3
Suppose -13330 = -6*v - 25*v. Let j = 114 + v. What is the units digit of j?
4
Let p = 8473 + -7154. What is the units digit of p?
9
Let a be 2586/(-2)*(-16)/48. Let z = -272 + a. Suppose n - z + 34 = 0. What is the hundreds digit of n?
1
Let q(b) = 1349*b + 239. What is the thousands digit of q(4)?
5
Let i be -34*6/16 - (-6)/8. What is the hundreds digit of 18/i + (-1134)/(-4) + 2?
2
Let m(s) = -69458*s**3 - 30*s**2 - 30*s. What is the hundreds digit of m(-1)?
4
Let m = 13338 - -5321. What is the tens digit of m?
5
Let z = -3 - 11. Let q(b) = -14*b**2 - 9 + 2*b**2 + 15*b + 13*b**2 + b**2. What is the hundreds digit of q(z)?
1
Let n(d) be the first derivative of 5*d**3/3 - 9*d**2/2 - 402. Let r(y) = -y**2 - 5*y + 4. Let g be r(-5). What is the units digit of n(g)?
4
Let l be ((-280)/(-7) + 1)*4. Suppose -6*x + 232 = -l. What is the tens digit of x?
6
Let u be 13/(-546)*7 + 16814/12. Suppose 547*a + u = 550*a. What is the hundreds digit of a?
4
Let c(b) = 152*b**2 - 7*b - 6. Let d be c(3). Let k = d + -887. What is the units digit of k?
4
Suppose 5*m + 21 - 86 = 0. Let q(f) = 8*f**2 - 25*f - 46. Let i be q(-2). Suppose -m*r = -9*r - i. What is the units digit of r?
9
Suppose 0 = 10*w - 37103 - 19037. What is the thousands digit of w?
5
Suppose -2*x + 2*f + 15 = 9, 5*x - 4*f = 12. Suppose x = -3*d + 2004 - 480. What is the tens digit of d?
0
What is the ten thousands digit of (39/4)/(-3)*-10*454?
1
Let q(h) = h**3 - 6*h**2 + 5*h + 3. Let f = 81 - 76. Let g be q(f). Suppose -1 = -g*a + 35. What is the tens digit of a?
1
Let v(u) = 6*u**2 - 8*u + 256. Suppose -5 = -6*l + 73. What is the units digit of v(l)?
6
Let l be 7 - -1 - (-4)/(-2). Let h(w) be the second derivative of -w**5/20 + 2*w**4/3 + 2*w**3/3 - 5*w**2/2 - 9*w. What is the units digit of h(l)?
1
Let h(t) = t**3 + 2*t**2 + 7*t + 35. Let v be h(-3). Suppose v*d - 5 = 0, q - 205 + 9 = -3*d. What is the tens digit of q?
9
Suppose -1880401 = -157*v - 526590. What is the tens digit of v?
2
Suppose -214829 = -279*p + 1757661 + 2787250. What is the ten thousands digit of p?
1
Let v = -143 + 167. Let r = -16 + v. What is the tens digit of (-1)/((-12)/r*4/1284)?
1
Let h(l) = l**3 - l**2 - l + 556. Let q be h(0). Suppose 3*s + s = 40. What is the units digit of q/s + 8/20?
6
Suppose -2*i - i + 54 = 0. Let o = i - 22. What is the tens digit of (-195)/(-13) + o/(-2)?
1
What is the ten thousands digit of (512/768)/(2/33531)?
1
Let m be (-45)/9 + 81/(-1). Let g = -84 - m. Suppose p - 708 = -3*w, -g*p - 3 = -p. What is the tens digit of w?
3
Let s(a) = a**2 + 15*a + 20. Let v be s(-7). What is the units digit of (v/8 - -3)*(-1608)/9?
8
Suppose 5*m + 4*p = 17217, -10314 = -3*m - 2*p + 5*p. Suppose -2319 - m = -8*o. What is the hundreds digit of o?
7
Let y = 511 + -503. Suppose y*c - 1655 = 409. What is the hundreds digit of c?
2
Suppose 5*u + 24 = q, -3*q - 20 = -4*q + 4*u. Let y be (q/6)/(12/27)*4. Suppose y*t - 1225 = 77. What is the hundreds digit of t?
2
Let j = -1 - 9. Let m be (6*-1)/(15/j). Suppose i 